c)?
28
Let a be 2 - (0 - (1 - 2)). Let i(n) = 0*n - 11*n**2 + 9*n**2 + n + n**2. What is i(a)?
0
Suppose -5*p = 2 - 12, -v = 4*p. Let s(a) be the first derivative of -a**4/4 - 7*a**3/3 + 9*a**2/2 + a - 8414. What is s(v)?
-7
Let w(f) = 122. Let v(t) = -t + 64. Let y(p) = -2*v(p) + w(p). Suppose 0 = -3*x - 2*x + 25. Suppose x = d - 0. Determine y(d).
4
Let r(w) be the third derivative of -w**6/360 - w**5/40 + 5*w**4/24 + w**3 - 22*w**2. Let o(u) be the first derivative of r(u). Determine o(-4).
1
Suppose 261 = 16*v + 101. Let l(p) = -2*p + 22. Calculate l(v).
2
Let j(u) = 7*u + 4*u + 42*u - 54*u + 11. Determine j(5).
6
Let d(q) be the third derivative of q**5/10 + q**4/6 + q**3/2 + 86*q**2 - 2*q. Calculate d(-2).
19
Let j(c) = 6*c**3 - 9*c**2 - 12*c - 3. Let k be j(-1). Let q(n) = n**3 + 6*n**2 + n + 8. What is q(k)?
2
Let l(x) = 2*x**2 - x + 14. Let b be l(0). Let i(w) = 16*w - b*w - 6*w - 1. Suppose -2*d = r - 1, 4*r + 3 = -2*d - 5. Determine i(r).
11
Let q(n) be the second derivative of -n**4/12 - 9*n. Let f(g) = 19*g**2. Suppose -c - 1 + 0 = 0. Let k(s) = c*f(s) - 2*q(s). What is k(-1)?
-17
Suppose -237 = 14*b - 321. Let d(v) be the first derivative of 8 + 9/2*v**2 - b*v - 1/3*v**3. Calculate d(8).
2
Let x(o) = -1009 + 2*o**2 + 1012 + 2*o - o**2 - o. What is x(-3)?
9
Let a(z) = -12 - 28*z + 912*z**2 - 911*z**2 - 50. Let t be a(30). Let o(r) = -2*r**2 - 3*r + 2. Let n(c) = c**2 + c. Let y(k) = -3*n(k) - o(k). Calculate y(t).
-6
Let r = -37 - -31. Let c(a) = 0*a + 2 + a - 3. Determine c(r).
-7
Let i(x) = -20*x**3 - 10*x**2 + 17*x + 46. Let o(b) = 7*b**3 + 3*b**2 - 6*b - 16. Let q(z) = 6*i(z) + 17*o(z). Give q(-9).
4
Let z(w) = -17 - 7*w**2 + w**3 - 12*w - 32 + 60 - 23. Calculate z(9).
42
Let m(n) = -7*n + 14*n - 8*n + 4. Let c(f) = f + 11. Let k be c(-15). Let d(u) = u**3 + 5*u**2 + 2*u - 8. Let o be d(k). Determine m(o).
4
Let d = -166 + 163. Let x(r) = r**3 + 5*r**2 + 4*r. Calculate x(d).
6
Let d(r) = -2*r + 4. Suppose 4*q - 2*f = -0*f - 8, -f = 2*q - 4. Suppose q = p + 2*p + 48. Let b be 24/7 + p/(-28). Determine d(b).
-4
Let o(y) = -y**3 + 2*y**2 + 3*y + 3. Let l be (4 - 4)*1 - -1. Let g be (l*-4)/((-3)/24). Suppose -8 = -5*d - 3*t, -3*t = -2*d - 3*d + g. What is o(d)?
-17
Let x(h) = -h**2 - 11*h - 1. Let m be x(-11). Let z(l) = l + 2. Determine z(m).
1
Suppose -63 + 189 = -7*j. Let f(z) = -z**2 - 17*z + 16. Let l be f(j). Let k(g) be the first derivative of -g**3/3 + g**2/2 + 2*g - 3. Give k(l).
-4
Let u(g) be the first derivative of 15*g**4/4 - g**2/2 - 99. Give u(-1).
-14
Let z(d) be the second derivative of -d**4/6 + d**3/6 + 31*d. Determine z(-1).
-3
Let u be (-15)/(-9)*(-7 - 235/(-25)). Let a(j) = -j**3 + 4*j**2 + j + 1. Calculate a(u).
5
Let l(z) = z - 3. Suppose -1308 = -98*c - 426. Determine l(c).
6
Suppose -25*x + 15*x = -30. Let p(m) = -m**3 + 4. Give p(x).
-23
Let d(a) = -a + 7. Let h be d(3). Let p(q) = -15*q**3 + 4*q**2 - 11*q - 1. Let z(l) = 13*l**3 - 4*l**2 + 9*l + 1. Let s(r) = -6*p(r) - 7*z(r). Calculate s(h).
11
Let w(y) be the first derivative of -y**3/3 - 7*y**2/2 + y + 338. What is w(-6)?
7
Suppose 0 = -2*b + 4*b. Let c(w) = -29*w**2 + 30*w**2 + 2 + w + 1. Let i be c(b). Let a(o) = -3*o**2 + 2*o + 3. Determine a(i).
-18
Let h(p) = -p**2 + 7*p. Let u(l) = -1 - 36*l**3 + l - 3*l**2 - 2*l + 44*l**3 + 4*l. Let j be u(1). What is h(j)?
0
Let f(r) = -13*r + 8 - 6*r + 25*r - 6*r - 5*r. Determine f(9).
-37
Let u(d) be the third derivative of -1/3*d**3 + 0 - 1/120*d**6 - 1/15*d**5 + 0*d - 1/6*d**4 - 4*d**2. Let k = 13 - 16. Determine u(k).
1
Suppose 7*v = 90 + 50. Let n(s) = 9*s + 4*s + 6*s - v*s. Let d(a) = a**2 + 4*a - 1. Let f be d(-2). Calculate n(f).
5
Let y(u) be the third derivative of u**4/4 - u**3/2 - 15*u**2 - 4*u. What is y(-3)?
-21
Let a(i) = 5*i - 3. Suppose 6*o + 8*o - 28 = 0. Calculate a(o).
7
Let q(f) = -f - 4. Let j(w) = -2*w + 12. Let l be j(12). Let s = l - -12. Suppose s = 2*a - 4*a. Determine q(a).
-4
Let x(l) = 3*l + 90. Suppose 2*b + 4*q + 74 = 0, 18 + 82 = -4*b + 4*q. Give x(b).
3
Let o(l) = -l. Suppose 12*q + 14 + 10 = 0. What is o(q)?
2
Let a = 128 + -115. Let i(w) = -a + 21 + w - 6. Calculate i(-2).
0
Let d(w) = w**2 + 32*w - 228. Let q be d(-38). Let b(u) = 2*u**2 + u - 17. Give b(q).
-17
Let t be (-2)/(-2) - (-12)/(7 - 3). Let v(p) = -2 + 0*p**3 + p**2 + 3*p**2 + 4 - p**3. What is v(t)?
2
Let y be 3 - 3/(12/(-16)). Let a(d) = -y*d + d + 12*d - 7*d. Calculate a(-5).
5
Let m(x) = -2*x**3 + 3*x**2 - 3*x + 3. Let l be m(2). Let r be (-1 - l)/(-3) + -1. Let c(f) = -2*f + 3. Give c(r).
9
Let t(p) = -22 - 5 - 1681*p + p**2 + 1701*p. Calculate t(-21).
-6
Let g(d) = 2*d - 24. Suppose -27*q - 4*q + 279 = 0. What is g(q)?
-6
Let x(t) = -61517*t**3 + 2 - 11*t - 6 + 61518*t**3 + 10*t**2. What is x(-11)?
-4
Suppose -2 = -4*z + 18. Suppose 0 = 4*c - z*q - 42, -5*c + c + 28 = 2*q. Suppose -c*i + 9*i = 0. Let u(t) = t**2 + t. Determine u(i).
0
Let b(u) = -17*u**3 + 7*u**2 + 9*u + 14. Let f(d) = 10*d**3 - 3*d**2 - 4*d - 8. Let a(r) = -3*b(r) - 5*f(r). Give a(7).
-2
Let l(v) = -10*v**2 - 4*v - 2. Let a be 14/(-10) - (8 - 42/5). Calculate l(a).
-8
Let w(j) be the second derivative of j**8/1344 - j**7/1260 - j**6/360 - j**5/120 + 19*j**4/6 + 32*j. Let i(t) be the third derivative of w(t). Calculate i(-1).
-6
Let f be -18*(-2 - (-15)/6). Let n = 11 + f. Let d(o) = -3*o**2 + 2*o - 8*o + o**n + o**2 - 6. Give d(-4).
2
Let y(d) = 12*d - 1. Let m(k) = -11*k + 1. Let h be (-36)/15*(-25)/10. Let t(z) = h*y(z) + 7*m(z). Give t(-3).
16
Let x(p) = p**2 + p. Suppose 0 = 9*w + 17*w - 260. Let y(j) be the third derivative of -j**6/120 + 11*j**5/60 - 5*j**4/12 - j**2. Let r be y(w). Determine x(r).
0
Let p(x) = 4*x**2 - 8*x - 2*x - x**3 + 4 + 7*x. Suppose 4*t - 3 - 13 = 0. Determine p(t).
-8
Let d(h) be the second derivative of h**4/12 - h**3/6 + h**2/2 - 8*h. Let x(r) = r**2 - 2*r + 1. Let g(z) = 4*d(z) - 3*x(z). Give g(-3).
4
Let h be 1*(0 + 1)*2. Let v = 8 + -6. Let j(k) = -v*k + 8069 - 8069. Give j(h).
-4
Let h(g) = 2*g**2 + 4*g. Let l(b) = b - 32. Let d be l(8). Let q = d + 21. What is h(q)?
6
Let m(u) = 3*u + 2 - 1 - 8 + 2 + 16. Calculate m(-4).
-1
Suppose 4*h = -5*i + 26, 5*i - 13 + 3 = 0. Suppose p - 5*u - 36 = h*p, -2*p + u - 11 = 0. Let b(c) = -2*c + 3*c + c - c + 1. Give b(p).
-6
Let j(g) be the third derivative of -g**5/60 + g**4/4 + 3*g**3/2 + 4*g**2. Let k be j(7). Let x(l) = -2 - l**2 + 3*l**2 + l**k + l**3. What is x(-2)?
2
Let n(y) = -y**2 - 4*y. Let j(b) = -3*b**2 - 8*b - 1. Let r(g) = 3*j(g) - 7*n(g). Let l be 20/35 + (-38)/(-7). Suppose -d + l = 2*d. Determine r(d).
-3
Let i(m) = 16*m + 129. Let b be i(-8). Let c(y) be the third derivative of -y**6/8 - y**5/60 + y**3/6 + 2*y**2. Calculate c(b).
-15
Let s(k) = -k**3 - 2*k**2. Let t = -49 + 7. Let l be 70/t - (-1)/(-3). Let v be l/1*12/8. Give s(v).
9
Let v(g) = -1375089*g**3 - 5*g**2 + 1 - 8 - 9*g + 1375088*g**3. Determine v(-3).
2
Suppose 12*b - 34 - 50 = 0. Let t(v) = -v**2 + 6*v + 8. What is t(b)?
1
Let b(v) = v**2 - 3*v + 16. Let h be b(-6). Let m = 75 - h. Let o(c) = c + 3. Give o(m).
8
Let x(g) = 65994*g - 65995*g + 1 - 7. Calculate x(-8).
2
Let o(z) = -7*z. Let w = 34 - 21. Suppose -4*t - 5 + w = 0. Suppose l + 2*n = -5, 3 = -t*l + n + 8. Calculate o(l).
-7
Let m(t) be the third derivative of t**7/5040 - t**6/360 - 23*t**5/60 - 2*t**2 + 16. Let b(q) be the third derivative of m(q). Give b(-2).
-4
Let l be (-76)/16 + (-9)/(-12). Let r(q) = q**2 + 10*q + 3. Determine r(l).
-21
Suppose -5*v - 3*p = -17, -2*p + 13 = 2*v + 7. Let k(j) = j - 6. Determine k(v).
-2
Let b = 144 - 134. Suppose b*a - 12 = 12*a. Let q(i) = -i**2 - 7*i + 5. What is q(a)?
11
Let c(t) = 10*t - 4*t - 2*t + 3 - 2*t + t**2. Determine c(-2).
3
Let a(o) = o**3 + 4*o**2 + 4. Suppose 4*g + 9 = 2*x - 41, 5*g = -5*x + 65. Let y = x + -21. Determine a(y).
4
Let s(l) = 23*l**2 - 37*l + 24. Let t(q) = -5*q**2 + 9*q - 6. Let h(w) = 2*s(w) + 9*t(w). Give h(-10).
24
Let q(h) = 2*h**3 - 3*h**2 - 3 + 2 + 3. Let n be q(2). Let l(o) be the first derivative of o**3/3 - 7*o**2/2 + 2*o - 76. Determine l(n).
-4
Suppose 2*h + 2*h - 24 = -2*o, 2*h = 10. Suppose -3*m - 2 = o*a, -3*m - a = m + 11. Let u(p) = -2*p - 3. What is u(m)?
5
Let x(i) = -32*i + 3. Let q(j) = 21*j - 3. Let g(z) = -6*q(z) - 4*x(z). Let 